4 + -12 - 4).
-28
Evaluate -2 - -17 - (0 - (-10 - (0 + -4))).
9
13 + 3 + (-24 - -3)
-5
What is the value of 18 + -22 + 55 + -26?
25
-3 + 1 - (-4 - -1 - (-45 + 36))
-8
173 - 229 - (-32 + -4)
-20
What is the value of (-264 + 270 - (-8 - (-1 + 0))) + 4?
17
Evaluate -9 + 5 + (1 - 1) + (-3 - -5).
-2
3 - (12 + -12 + (-2 - (-6 - 2)))
-3
What is the value of 22 + 0 + (-672 - -651)?
1
What is (-3 - -17) + -6 + -19 + 15?
4
Evaluate -4 - -28 - 18 - 1.
5
Calculate 80 + -77 - (-4 + 1).
6
Evaluate 0 + 12 - (2641 + -2623).
-6
(-15 + 32 - -21) + -2
36
4 + (1 - 14) - -18
9
Evaluate -7 + 9 + 14 + (-32 + 12 - -12).
8
What is the value of -16 + -1 + -26 + -60 + 76?
-27
(-404 - -408) + 1 + -18
-13
What is 20 - (-295 + 296 + (1 - (1 - 2)))?
17
What is -35 - -30 - (0 - (0 - -35)) - 5?
25
-77 + 71 + (-12 - 18)
-36
Evaluate (-1 - -33) + -17 + (12 - (12 + -11)).
26
(-2 + 2 - -11) + 1 + 6 + -5
13
What is the value of (6 - (29 - 5)) + 20?
2
Evaluate (-40 - -8 - -14) + 14.
-4
5 + -24 + 19 + 8
8
What is -40 - -22 - (-3 - -9)?
-24
What is the value of -254 + 228 + (-4 - -43)?
13
What is the value of 4 - (-12 + 22 + (-24 - -11))?
7
Calculate -9 + 3 + (91 - 62).
23
What is (565 - 607) + 0 + 21?
-21
What is -56 + 49 + (5 + 26 - -10)?
34
What is the value of 12 - (-35 + 27 + 13 + -5)?
12
Calculate 11 - -6 - (13 + -7).
11
What is (-38 - (4 + -10)) + (-6 - (-18 + 14))?
-34
Evaluate 0 + -5 + (0 - -3) + (-8 - -10).
0
Calculate 4 + (1 + -18 + 1 - (-6 - -2)).
-8
What is the value of -7 + (-14 - (-2 - 2)) + 5?
-12
What is the value of (2 - -7) + 19 + -27?
1
Evaluate (-7 - -5 - -17) + -9.
6
Evaluate (8 - (0 - 1)) + -18.
-9
17 + -81 + 24 + 49
9
What is the value of -15 + -6 + (10 - (-1 + 5 - 5))?
-10
What is the value of -3 + -5 + -7 + 27?
12
Evaluate (2 - 2 - 14) + (-131 - -127).
-18
Evaluate -2 + -1 - -1 - (-206 - -196).
8
Evaluate -26 + -2 - -43 - (12 - -1).
2
Calculate -51 + 57 + (0 - 24).
-18
What is 1 - ((-1 - (12 + 10 - 11)) + 9)?
4
What is 124 + -7 + -36 + -42?
39
What is the value of (9 - 23) + -1 - -17?
2
What is -4 + -9 + 11 - -5?
3
What is the value of (-25 - -17) + (5 - 2) + 0 + -18?
-23
What is 147 - 147 - (-23 - (1 - (-3 + 1)))?
26
-9 - (-2 - 17) - -13 - 1
22
What is -22 - -8 - (-3 + -1) - 22?
-32
What is the value of 12 + (-9 - (-6 + 14)) - 8?
-13
-1017 + 1064 - (-2 - -42)
7
Calculate (4 - (-2 - 1)) + -28 + (-10 - -28).
-3
What is -19 + (11 - -10) + (-1 - 0) + 18?
19
Calculate (-25 - (-5 - -1)) + (11 - 2 - 2).
-14
What is 0 + -6 + (22 + -15 - 19) - -5?
-13
Evaluate -1 - ((-2 - 13) + 23 + -20).
11
What is (-1 - (-4 - (5 + 3))) + (209 - 228)?
-8
What is the value of 0 + -11 + 15 + (-7 - (-1 - -4))?
-6
Evaluate 0 + 5 + -5 + (-1 - -4) + -11.
-8
Evaluate -27 - -49 - 24 - (14 - 0).
-16
What is -49 + 60 + -14 + 5?
2
Evaluate -7 + 8 + -6 - -11 - 4 - 21.
-19
Calculate 35 + (13 - 40) + -15.
-7
What is the value of (4 - (1 - 23)) + -10?
16
What is 3 - -22 - (-53 - -84 - 13)?
7
Evaluate 21 + (-7 - -1 - -12) + -4 + -3.
20
-7 + (-15 - -3 - 0) - (-3 - 6)
-10
What is the value of -48 + 32 - -11 - 22?
-27
What is -2 + 5 + 4 - (-4 + 16)?
-5
Calculate 693 + -693 - (-7 + 47 + -1 + -1).
-38
Calculate -6 + (14 - (6 + 1)) + -5.
-4
Evaluate 10 + 1 + -11 + 0.
0
385 + -387 + 3 + -10
-9
Calculate (17 - (-11 + 7)) + -11 + -3.
7
(14 - (5 - -2) - 5) + 10
12
What is -3 - 4 - -5 - 5 - 7 - -8?
-6
What is the value of 8 - 4 - (7 + -15 - (1 - 16))?
-3
Calculate 21 + -32 + 13 + -11.
-9
What is 4 - ((39 + -4 - 2) + -1 + -3)?
-25
8 + 0 - (-66 + 35 + 23)
16
-5 - (13 - 12) - (-4 + 7)
-9
-6 + (-44 - -36) + -1 + 5
-10
Calculate 1 + 3 - ((14 + -15 - 0) + 7).
-2
What is (25 - -6) + -14 - 13?
4
What is (-9 - (7 + (-2 - 7))) + 14?
7
Calculate (-22 - -25) + -3 + 6 + -12.
-6
What is the value of 8 + -5 + 5 - ((-13 - -61) + -10)?
-30
Calculate 5 + (-23 - 10) + 37.
9
What is (-2 - 15) + -2 - (271 - 275)?
-15
Evaluate -1 - (-8 - (0 - 2)).
5
Calculate (-8 - (8 - 0)) + (-24 - -16).
-24
34 + -1 - (0 - -8 - (-172 - -174))
27
What is 17 - (11 - 8 - -9)?
5
Calculate (6 - 9 - -10) + -21 + 6.
-8
Calculate -15 - ((4 - 52) + (0 - -15)).
18
What is (-1 - -9) + 12 + -13 + -10?
-3
What is 6 - (-16 - (-33 - 2))?
-13
Evaluate 83 + -82 - (-17 - 4).
22
Calculate (36 - 11 - 18) + -3.
4
What is -8 + -7 + (24 - 2) + -3?
4
Calculate 0 + (22 - (-7 + 4 + 1 - -4)).
20
3 - 28 - (-16 - -4)
-13
Evaluate -2 + 2 + (-16 - -18) + 0 + 6.
8
Calculate -3 + 1 + (7 - 6) + 7 - -6.
12
What is 10 + (4 + 12 + -3 - 8)?
15
Calculate 8 - (-6 - -14 - -4) - 17.
-21
(7 + (5 - 3) - 2) + 2
9
What is the value of 7 + -6 + -7 + -8?
-14
Evaluate -10 + -1 + 2 + -9 + (-6 - -25).
1
Evaluate -6 + 1 + 13 + -5 - (13 + 2).
-12
What is -11 + (4 - (12 + -19 - 7))?
7
Evaluate 15 - (15 + (4 - 7)).
3
What is 3 - 1 - (32 + -36 + 7) - 2?
-3
What is the value of -1 - (1 + -8 + 32)?
-26
Evaluate 4 - (19 + -11 + 1 + 11).
-16
What is 2 + -4 + (-62 - -73)?
9
0 - (4 + -2 - 4 - (-505 + 518))
15
What is -5 - 3 - (-37 - -27) - 4?
-2
(-14 - -21) + (0 - -1) + 6 + -5
9
6 - ((19 - 14) + -7)
8
What is (-5 - -35) + (33 - 23 - (1 + 14))?
25
Calculate -53 - -58 - (-3 - (-3 + (0 - -1))).
6
Calculate 9 + 4 + -1 + (4 - 10).
6
What is the value of -6 + (3 + -2 + 19 - 9)?
5
Calculate 14 + -7 + 17 + -14.
10
Evaluate (52 - 60) + -8 + 0 + 5 + 0.
-11
10 + (46 - 40 - (3 - 2))
15
Evaluate (0 - -3) + -3 + (31 - 29).
2
Calculate 13 - -3 - (-15 + 29 + -5).
7
-1 + 3 + (-2 - (-5 - -1)) + -3
1
What is -5 + (-3 - (-16 - (5 + -8)))?
5
What is -43 - -41 - (-15 - -6)?
7
25 - (2 + -15) - 57
-19
What is the value of -21 - (1 + -19) - (-7 - 1) - -20?
25
What is the value of 15 + -20 + 16 + -25?
-14
Evaluate -25 + 15 - (-6 + -4 - -4).
-4
-17 - -12 - ((-10 - -13) + 0 + 7)
-15
What is the value of (-10 - -15) + (-2 + 3 - 15)?
-9
Calculate (-36 - 10) + (24 - 8).
-30
Evaluate -1 + 2 + 0 + 0 + 6.
7
What is the value of -8 - ((4 - (1 + -1)) + (128 - 136))?
-4
Calculate -9 - (-1 + (-11 - -23) - 9).
-11
What is -8 + 29 + (1 - (-1 + 2) - 3)?
18
What is 36 + -3 + -20 + 2?
15
What is the value of 15 - (2 + -2 + 1) - (18 - 15)?
11
(0 - -1) + (-16 - ((5 - -4) + -3))
-21
What is -19 - -14 - 12 - -28?
11
What is the value of 13 - 10 - (4 - 0 - 3)?
2
Evaluate 7 + 0 - (-1 + -10 + 7).
11
What is the value of -1 + (9 - (1 - (1 - 1)))?
7
What is the value of 6 + -28 - -18 - 11?
-15
Calculate 0 + -9 - (-43 + (16 - -19)).
-1
Calculate -4 + 8 - (3 + -7).
8
Evaluate -37 - (25 + 14 + -55).
-21
What is the value of 5 - (-2 + -7 + 9 + -3) - 17?
-9
Evaluate 0 - 0 - (8 - (-12 - -36) - -14).
2
-15 + (-29 - -50) + -5 + 1
2
-1 + 3 - ((-56 - -56) + -4 + 0)
6
What is -15 - (-2 + 6 + -12) - -15?
8
Evaluate 16 + -40 + 23 + 16.
15
Calculate -73 + 72 + -2 + (-2 - 4).
-9
What is -3 + (9 + -22 - 8) - -12?
-12
What is the value of 28 - 19 - 8 - -2?
3
Evaluate -2 + 19 + (-5 - (-6 + 8)) - 7.
3
0 - -15 - (-13 + 12 + 7)
9
Calculate (77 - 77) + 1 + 1 + (-1 - 9).
-8
What is -2 - -24 - (27 - 7)?
2
Calculate 34 + -19 - (-1 - -34).
-18
Evaluate 12 - 1 - ((-9 - (-11 + -4)) + -5).
10
What is the value of -11 + 24 + (-53 - -54)?
14
What is -6 + -25 - (-59 + 12)?
16
Calculate 0 + (3 - (2 - -10)).
-9
Calculate 11 - -13 - ((14 - 21) + 5 + -2).
28
Calculate (-1 - 2) + -21 + -20 + 48.
4
What is -40 + 41 - (3 + -7)?
5
Evaluate (16 - -12) + -33 + 37 + -5 + -1.
26
What is (1 - 1) + (-3 - 2) + (61 - 64)?
-8
Calculate (-1 - (-1 - -3)) + (5 + 8 - 1).
9
What is 35 + -18 + -9 - (2 + 6)?
0
What is the value of 4 - (6 - 3) - ((4 - -5) + 0)?
-8
What is -5 + 8 + -1 - 6?
-4
Calculate 5 - (3 - 0 - -4) - (0 + 7).
-9
(4 - 0) + 4 + 0 + -2 + 25
31
Calculate 24 - ((-20 - 7) + 59).
-8
Evaluate 18 - (39 - (21 - (2 - -10))).
-12
What is the value of 199 + -215 - (2 - 21)?
3
Evaluate (-38 - -1) + -2271 + 2343.
35
16 + -31 + 7 + 4
-4
(-22 - -24) + (-2 - -1) + -5
-4
98 + -109 + 21 + 1 - 27
-16
(-10 - -23) + -10 + (2 - 9) - -21
17
Evaluate 209 + -183 + (-10 - -4).
20
(11 - 6 - (-1 - (3 + -16))) + 16
9
Evaluate (2 + (1 - 9) - -6) + (-73 - -33).
-40
Calculate 5 - ((15 - 56 - -42) + (19 - 1)).
-14
What is the value of 13 - (8 - -20) - (0 - 10)?
-5
What is the value of -2 + (-3 - 4) - (13 - 31)?
9
Evaluate (23 + (-5 - -5) - 6) + 1 + 1.
19
-5 + -15 + 9 - (0 + -19)
8
-7 + 6 + 4 + 2 - -7
12
Evaluate -7 + 26 - (5 - (-3 + -3 + 3)).
11
Calculate (-11 - -19 - -4) + (-9 - -2) + 8.
13
Calculate -4 + (-32 + -7 - -28)